{"id":685,"date":"2018-07-25T15:06:42","date_gmt":"2018-07-25T18:06:42","guid":{"rendered":"https:\/\/isfddoraacosta-caba.infd.edu.ar\/sitio\/?page_id=685"},"modified":"2020-04-25T18:21:00","modified_gmt":"2020-04-25T21:21:00","slug":"autoridades","status":"publish","type":"page","link":"https:\/\/isfddoraacosta-caba.infd.edu.ar\/sitio\/institucional\/autoridades\/","title":{"rendered":"Coordinaci\u00f3n General"},"content":{"rendered":"<h4><span data-mce-mark=\"1\"><strong>RECTORA<\/strong><\/span><\/h4>\n<p>Florencia Martin<\/p>\n<h4><span data-mce-mark=\"1\"><strong>SECRETARIA<\/strong><\/span><\/h4>\n<p>Mar\u00eda Bel\u00e9n Videla<\/p>\n<h4><strong>COORDINACI\u00d3N<\/strong><\/h4>\n<p>Mar\u00eda Emilia Villalba<\/p>\n<h4><strong>REPRESENTANTE LEGAL<\/strong><\/h4>\n<p>Carlos Javier Martinez<\/p>\n<p>&nbsp;<\/p>\n<p><span data-mce-mark=\"1\">E-mail institucional: isfddoraacosta@gmail.com<\/span><\/p>\n<p>&nbsp;<\/p>\n","protected":false},"excerpt":{"rendered":"<p>RECTORA Florencia Martin SECRETARIA Mar\u00eda Bel\u00e9n Videla COORDINACI\u00d3N Mar\u00eda Emilia Villalba REPRESENTANTE LEGAL Carlos Javier Martinez &nbsp; E-mail institucional: isfddoraacosta@gmail.com &nbsp;<\/p>\n","protected":false},"author":6,"featured_media":0,"parent":683,"menu_order":0,"comment_status":"closed","ping_status":"closed","template":"","meta":[],"acf":[],"_links":{"self":[{"href":"https:\/\/isfddoraacosta-caba.infd.edu.ar\/sitio\/wp-json\/wp\/v2\/pages\/685"}],"collection":[{"href":"https:\/\/isfddoraacosta-caba.infd.edu.ar\/sitio\/wp-json\/wp\/v2\/pages"}],"about":[{"href":"https:\/\/isfddoraacosta-caba.infd.edu.ar\/sitio\/wp-json\/wp\/v2\/types\/page"}],"author":[{"embeddable":true,"href":"https:\/\/isfddoraacosta-caba.infd.edu.ar\/sitio\/wp-json\/wp\/v2\/users\/6"}],"replies":[{"embeddable":true,"href":"https:\/\/isfddoraacosta-caba.infd.edu.ar\/sitio\/wp-json\/wp\/v2\/comments?post=685"}],"version-history":[{"count":16,"href":"https:\/\/isfddoraacosta-caba.infd.edu.ar\/sitio\/wp-json\/wp\/v2\/pages\/685\/revisions"}],"predecessor-version":[{"id":806,"href":"https:\/\/isfddoraacosta-caba.infd.edu.ar\/sitio\/wp-json\/wp\/v2\/pages\/685\/revisions\/806"}],"up":[{"embeddable":true,"href":"https:\/\/isfddoraacosta-caba.infd.edu.ar\/sitio\/wp-json\/wp\/v2\/pages\/683"}],"wp:attachment":[{"href":"https:\/\/isfddoraacosta-caba.infd.edu.ar\/sitio\/wp-json\/wp\/v2\/media?parent=685"}],"curies":[{"name":"wp","href":"https:\/\/api.w.org\/{rel}","templated":true}]}}

Coordinación General

<h4><span data-mce-mark="1"><strong>RECTORA</strong></span></h4>
<p>Florencia Martin</p>
<h4><span data-mce-mark="1"><strong>SECRETARIA</strong></span></h4>
<p>María Belén Videla</p>
<h4><strong>COORDINACIÓN</strong></h4>
<p>María Emilia Villalba</p>
<h4><strong>REPRESENTANTE LEGAL</strong></h4>
<p>Carlos Javier Martinez</p>
<p>&nbsp;</p>
<p><span data-mce-mark="1">E-mail institucional: isfddoraacosta@gmail.com</span></p>
<p>&nbsp;</p>

<p>RECTORA Florencia Martin SECRETARIA María Belén Videla COORDINACIÓN María Emilia Villalba REPRESENTANTE LEGAL Carlos Javier Martinez &nbsp; E-mail institucional: isfddoraacosta@gmail.com &nbsp;</p>
