{"id":286,"date":"2016-10-31T13:17:59","date_gmt":"2016-10-31T16:17:59","guid":{"rendered":"https:\/\/isfddoraacosta-caba.infd.edu.ar\/sitio\/?page_id=286"},"modified":"2020-04-29T12:49:53","modified_gmt":"2020-04-29T15:49:53","slug":"inicio","status":"publish","type":"page","link":"https:\/\/isfddoraacosta-caba.infd.edu.ar\/sitio\/","title":{"rendered":"Inicio"},"content":{"rendered":"<div  class=\"lgc-column lgc-grid-parent lgc-grid-30 lgc-tablet-grid-30 lgc-mobile-grid-80 lgc-equal-heights \"><div  class=\"inside-grid-column\">\n<p><img decoding=\"async\" loading=\"lazy\" class=\"wp-image-803 aligncenter\" src=\"https:\/\/isfddoraacosta-caba.infd.edu.ar\/sitio\/wp-content\/uploads\/2020\/04\/DORITA-FESTEJO-CIERRE-2018.jpg\" alt=\"\" width=\"300\" height=\"207\" srcset=\"https:\/\/isfddoraacosta-caba.infd.edu.ar\/sitio\/wp-content\/uploads\/2020\/04\/DORITA-FESTEJO-CIERRE-2018.jpg 960w, https:\/\/isfddoraacosta-caba.infd.edu.ar\/sitio\/wp-content\/uploads\/2020\/04\/DORITA-FESTEJO-CIERRE-2018-768x530.jpg 768w\" sizes=\"(max-width: 300px) 100vw, 300px\" \/><\/p>\n<h4 style=\"text-align: center;\"><strong>Nuestra historia<\/strong><\/h4>\n<p style=\"text-align: justify; text-justify: inter-word;\"><span style=\"font-weight: 400;\">La organizaci\u00f3n pol\u00edtica \u00abEl Hormiguero\u00bb se propone luchar y contribuir a la justicia social. En el 2014, El Hormiguero empieza a construir el Instituto Superior de Formaci\u00f3n Docente \u201cDora Acosta\u201d en la Villa 31bis, CABA, Argentina, instituci\u00f3n destinada a formar maestros y maestras. A partir de all\u00ed empezamos a transitar un camino de construcci\u00f3n colectiva e inclusi\u00f3n educativa.<\/span><!--more--><\/p>\n<p style=\"text-align: center;\"><span style=\"color: #0000ff;\">[<a href=\"https:\/\/isfddoraacosta-caba.infd.edu.ar\/sitio\/nuestra-historia\/\">Leer m\u00e1s<\/a>]<\/span> <\/p><\/div><\/div>\n<div  class=\"lgc-column lgc-grid-parent lgc-grid-30 lgc-tablet-grid-30 lgc-mobile-grid-80 lgc-equal-heights \"><div  class=\"inside-grid-column\">\n<p><img decoding=\"async\" loading=\"lazy\" class=\"alignnone wp-image-849 aligncenter\" src=\"https:\/\/isfddoraacosta-caba.infd.edu.ar\/sitio\/wp-content\/uploads\/2020\/04\/Imagen-edupyp-1000x750.jpeg\" alt=\"\" width=\"289\" height=\"217\" srcset=\"https:\/\/isfddoraacosta-caba.infd.edu.ar\/sitio\/wp-content\/uploads\/2020\/04\/Imagen-edupyp-1000x750.jpeg 1000w, https:\/\/isfddoraacosta-caba.infd.edu.ar\/sitio\/wp-content\/uploads\/2020\/04\/Imagen-edupyp-768x576.jpeg 768w, https:\/\/isfddoraacosta-caba.infd.edu.ar\/sitio\/wp-content\/uploads\/2020\/04\/Imagen-edupyp.jpeg 1080w\" sizes=\"(max-width: 289px) 100vw, 289px\" \/><\/p>\n<h4 style=\"text-align: center;\"><strong>Educaci\u00f3n p\u00fablica y popular<\/strong><\/h4>\n<p style=\"text-align: justify; text-justify: inter-word;\"><span style=\"font-weight: 400;\">Desde el comienzo entendimos que el derecho a la educaci\u00f3n es un derecho b\u00e1sico que se encuentra impugnado en el barrio. Por ello, otra de las premisas que gu\u00eda nuestra pr\u00e1ctica es que creemos que las personas que viven en la villa 31 tienen derecho a la educaci\u00f3n superior p\u00fablica, gratuita y de calidad.\u00a0<\/span><!--more--><\/p>\n<p style=\"text-align: center;\"><span style=\"color: #0000ff;\">[<a href=\"https:\/\/isfddoraacosta-caba.infd.edu.ar\/sitio\/nuestros-territorios-nuestras-pedagogias\/\">Leer m\u00e1s<\/a><\/span><span style=\"color: #0000ff;\">]<\/span><\/p><\/div><\/div>\n<div  class=\"lgc-column lgc-grid-parent lgc-grid-30 lgc-tablet-grid-30 lgc-mobile-grid-80 lgc-equal-heights \"><div  class=\"inside-grid-column\">\n<p><img decoding=\"async\" loading=\"lazy\" class=\"wp-image-851 aligncenter\" src=\"https:\/\/isfddoraacosta-caba.infd.edu.ar\/sitio\/wp-content\/uploads\/2020\/04\/CAMINATA.jpeg\" alt=\"\" width=\"282\" height=\"211\" srcset=\"https:\/\/isfddoraacosta-caba.infd.edu.ar\/sitio\/wp-content\/uploads\/2020\/04\/CAMINATA.jpeg 960w, https:\/\/isfddoraacosta-caba.infd.edu.ar\/sitio\/wp-content\/uploads\/2020\/04\/CAMINATA-768x576.jpeg 768w\" sizes=\"(max-width: 282px) 100vw, 282px\" \/><\/p>\n<h4 style=\"text-align: center;\"><strong>Pedagog\u00eda de la presencia en tiempos de pandemia<\/strong><\/h4>\n<p style=\"text-align: justify; text-justify: inter-word;\"><span style=\"font-weight: 400;\"> Durante 5 a\u00f1os construimos un profesorado desde una pedagog\u00eda de la presencia. No solamente por encontrarnos en un mismo espacio f\u00edsico docentes y estudiantes, sino tambi\u00e9n porque nos propusimos tener una pr\u00e1ctica contextualizada. Frente a la pregunta que nos hacemos siempre \u00bfc\u00f3mo aprendemos y c\u00f3mo ense\u00f1amos?, la respuesta la encontramos en nuestro barrio, en nuestra ciudad y en la Patria Grande.<\/span><!--more--><\/p>\n<p style=\"text-align: center;\"><span style=\"color: #0000ff;\">[<a href=\"https:\/\/isfddoraacosta-caba.infd.edu.ar\/sitio\/el-dorita-on-line\/\">Leer m\u00e1s<\/a><\/span><span style=\"color: #0000ff;\">]<\/span><\/p>\n<p><\/p><\/div><\/div>\n","protected":false},"excerpt":{"rendered":"<p>Nuestra historia La organizaci\u00f3n pol\u00edtica \u00abEl Hormiguero\u00bb se propone luchar y contribuir a la justicia social. En el 2014, El Hormiguero empieza a construir el Instituto Superior de Formaci\u00f3n Docente \u201cDora Acosta\u201d en la Villa 31bis, CABA, Argentina, instituci\u00f3n destinada a formar maestros y maestras. A partir de all\u00ed empezamos a transitar un camino de &#8230; <a title=\"Inicio\" class=\"read-more\" href=\"https:\/\/isfddoraacosta-caba.infd.edu.ar\/sitio\/\" aria-label=\"More on Inicio\">[+]<\/a><\/p>\n","protected":false},"author":11,"featured_media":0,"parent":0,"menu_order":0,"comment_status":"closed","ping_status":"closed","template":"","meta":[],"acf":[],"_links":{"self":[{"href":"https:\/\/isfddoraacosta-caba.infd.edu.ar\/sitio\/wp-json\/wp\/v2\/pages\/286"}],"collection":[{"href":"https:\/\/isfddoraacosta-caba.infd.edu.ar\/sitio\/wp-json\/wp\/v2\/pages"}],"about":[{"href":"https:\/\/isfddoraacosta-caba.infd.edu.ar\/sitio\/wp-json\/wp\/v2\/types\/page"}],"author":[{"embeddable":true,"href":"https:\/\/isfddoraacosta-caba.infd.edu.ar\/sitio\/wp-json\/wp\/v2\/users\/11"}],"replies":[{"embeddable":true,"href":"https:\/\/isfddoraacosta-caba.infd.edu.ar\/sitio\/wp-json\/wp\/v2\/comments?post=286"}],"version-history":[{"count":98,"href":"https:\/\/isfddoraacosta-caba.infd.edu.ar\/sitio\/wp-json\/wp\/v2\/pages\/286\/revisions"}],"predecessor-version":[{"id":857,"href":"https:\/\/isfddoraacosta-caba.infd.edu.ar\/sitio\/wp-json\/wp\/v2\/pages\/286\/revisions\/857"}],"wp:attachment":[{"href":"https:\/\/isfddoraacosta-caba.infd.edu.ar\/sitio\/wp-json\/wp\/v2\/media?parent=286"}],"curies":[{"name":"wp","href":"https:\/\/api.w.org\/{rel}","templated":true}]}}